3 + 20 + 58 - (0 - -10)) + 1 + -5.
-19
Calculate (29 - 47 - -16) + (1 - -49 - 5).
43
What is the value of -65 - (-1 + 1 + -2) - (-3945 + 3936)?
-54
Evaluate (309 - 377 - -188) + 0 + (2 - 15).
107
Evaluate (4 - -30) + -29 - -108 - 10.
103
Evaluate -70 - (12 - (9 - (-13 - -27 - 21))).
-66
What is the value of (-26 - 1) + (-498 - -496) - -12?
-17
Calculate (-8 - 21 - 2) + (0 - -9 - 13).
-35
Calculate -4 - (-80 + 102) - -59.
33
Evaluate 19 + -17 + 0 + (5 - 1) + -7.
-1
What is the value of -75 - (-55 + -3 + 32)?
-49
16 + -1 + (363 - 374 - (-1 + -146) - -1)
152
Evaluate (-4728 - -4680) + (0 + 0 - -34).
-14
Evaluate (11 - (-4 - -6)) + -59 + (-26 - -44).
-32
Evaluate -45 + 51 - (-45 + 29).
22
Calculate 3 + -34 + 9 + 9 + 34.
21
Calculate (-7 - -2 - (-2 + 3)) + (-754 - -767).
7
-104 - (7 + 28 + -40 + (-6 - -2))
-95
What is (1 - 5) + (-15 + -5 - -44 - (1 + 1))?
18
Calculate -14 + (27 - 9 - (-5 + 12)) - -1.
-2
-34 + -3 + -23 - (-1 - (3 - 3 - 0))
-59
What is the value of 41 - (26 + -31 - -46)?
0
What is (6 - 101) + 79 + 53?
37
Calculate -3 + (-1 - 15 - (42 - 61)) + 2 + -8.
-6
What is the value of 14 + (59 + -51 - 5)?
17
-22 + 97 + -64 - (1 - (-29 + 0))
-19
Calculate 63 - (-17 + 75 + 53).
-48
What is the value of -73 - -50 - -52 - 27?
2
What is the value of 0 + 6 + (60 - 67) - (14 + 19)?
-34
2 - (104 - -21) - (-14 - -10)
-119
69 - (-1 + ((7 - 1) + 6 - (-10 + 18)))
66
What is 14 + 10 + (-73 + 73 - (12 + (2 - 5)))?
15
-4 + -3 - ((-34 - -12) + 7) - 7
1
Evaluate -81 + 85 + (-4 - -1) + -2.
-1
Evaluate 15 + (-18 + 33 - (8 - -5) - 5) + -84.
-72
Calculate 208 - (184 - -15) - (-85 - ((1 - 2) + -1)).
92
-11 + 56 - (-63 + 62)
46
What is the value of -10 + (-2 + (-13 - -15) - 1) + -11?
-22
Calculate (9 - (2 - -15)) + (9 + -5 - (100 + -4)).
-100
Calculate (150 - (10 + 82)) + -52.
6
What is -6 + -12 + 2 + -25 + 13?
-28
Calculate -25 + 178 + -52 + -94.
7
Calculate (4 - -1) + 84 + -81 + (2 - 13).
-3
Evaluate 10 - (4 - (8 - (-2 - 5))).
21
What is the value of (-1 - -84) + (-1299 - -1304) + 0 + (-1 - -9)?
96
Evaluate (-14 - -72) + -10 - 124.
-76
Evaluate (-3 - (-12 + -12 + 10)) + (-69 + -1 - -2).
-57
What is the value of 142 - (-29 - -104) - 41?
26
84 + (-121 - (-78 - -39))
2
Evaluate 17 - (7 + 5 + 31).
-26
What is (-53 - -112) + -77 + 25?
7
Evaluate (0 - 34 - (13 - 63)) + 1.
17
What is the value of (504 - 502) + (-4 - (-3 + -38))?
39
Calculate (-63 - (-2 + 0)) + (-130 - -36) + 103.
-52
What is the value of -113 + -45 + 87 + -15?
-86
Calculate (-18 - (1 - 0)) + (14 - 1) + 9.
3
Calculate -1 + -20 + (-30 - -62) + -24 + -1 + 42.
28
Calculate (-10 + 26 + -43 - -25) + (0 - 27) + -1.
-30
Evaluate (-74 + 28 - -45) + 6 + -2 + 12.
15
(-78 - -68 - (-3 - 19)) + -12 - (0 + -46)
46
Evaluate 1 - (1 + 3 - -55) - (-3 - (39 - 44)).
-60
Evaluate (12 - -13 - 4) + 4 + (-35 - -20).
10
(-52 - (2 + (-4 - -7))) + 163 + -153
-47
(-21 + 43 - 14 - 6) + -24
-22
Calculate 0 + 23 + 49 + (34 - 0) + -77.
29
What is -20 + -38 + 25 + (1 - -4) - -12?
-16
Evaluate 30 - 122 - -79 - 102.
-115
What is -8 - (-55 + (-38 - -25) + 18) - 2?
40
Evaluate -30 - (-6 - 52) - (25 + 2).
1
Evaluate 13 + -20 + 12 + (3 - -1) + (2 - 19).
-8
Evaluate (221 - 105) + -60 + -135.
-79
What is the value of (14 - 11) + -8 + 16 + (-26 - (2 + 1))?
-18
(-5 - -1) + 3 + 0 + (-72 - -82) + -119
-110
Evaluate (-52 - -69) + -1 + 37 - 41.
12
(18 - (29 + -39)) + (29 - 118)
-61
What is the value of 263 - 119 - (14 + -12 + 12 - 0)?
130
Evaluate (-3 - 1) + 11 - (-44 - ((7 - -21) + -35)).
44
Calculate 0 + 14 + -68 - (9 + (-10 - (-17 - -13))).
-57
7 + (1 - -4 - 0 - (0 - -4))
8
Calculate -17 - (-277 + 223 + 8 + -1).
30
What is the value of -35 - (-12 - (1 + -10 + (0 - -9)))?
-23
What is the value of 33 - (-46 + 89 + -47)?
37
What is the value of (27 - -45 - (-30 + 2)) + 2 + -4 + 10?
108
What is the value of -27 + (45 + -8 - 18)?
-8
Calculate 463 + -414 + (8 + -15 - (7 + -2)).
37
Calculate (-36 - -9) + (1 - -9) + -9.
-26
What is the value of (-48 - 0) + (-176 - (-251 - -85))?
-58
-16 + 0 + -101 + 61
-56
Evaluate -39 + 13 - (-2 - 26) - 64.
-62
What is the value of -2 + -1 + 12 + 35 + (37 - (56 - 24))?
49
(32 - 23 - -1) + -11 + 37
36
17 + -48 + 32 + (-5 - 2)
-6
Calculate 5 + -4 - (5 + (-7 - -11) - 12 - -121).
-117
Calculate 14 - (-44 - (30 - -1)) - 15.
74
-13 + 7 - 3 - -12 - (-20 - 7)
30
-85 + 99 + -30 + 5 + -51 + 1 + 9
-52
What is the value of 18 + -9 + -51 + 5 + -23?
-60
Evaluate 5 - 1 - -33 - (-1064 + 1086).
15
What is 11 + (-14 - -37) + 11?
45
What is 0 + -13 - (26 - 4)?
-35
What is 5 + -14 - (-87 - 11 - -49)?
40
-57 + -121 + 123 - 7
-62
Calculate (90 - (36 - -192)) + 49.
-89
Evaluate 125 + 73 + -305 - (2 + -35).
-74
Calculate -29 - (-63 + 1 + 60).
-27
-54 - (-24 + (-101 - -71))
0
Evaluate -128 - (-1 - (157 - 23)).
7
What is (-67 - (-8 + -57)) + (11 - -1 - -1) - -69?
80
5 - (33 + (-2 - 1)) - (30 + 22 + -59)
-18
-16 + 46 + -45 - (1 + -3) - (22 - 35)
0
Evaluate -52 + -2 + 11544 + -11503.
-13
What is (2 - -4) + (28 - (44 - -11))?
-21
-1 + 130 - (3619 + -3516)
26
What is 0 + 25 + (36 - 48) + 3?
16
Calculate (-2793 - -2714) + 30 + -1.
-50
What is (-2 - 32) + 4 + (14 - -36)?
20
What is the value of (-87 - -76 - -107) + 21?
117
Calculate (79 - (0 - 0)) + (27 - 41 - 1) + -9.
55
What is the value of 18 + (-17 - 1) - (1 + 3 - (18 + -79))?
-65
What is ((-8 - -3) + 16 - (14 + 1)) + (-1 - -2)?
-3
What is 574 + -461 - (151 + -14)?
-24
What is -37 + 24 + (14 - -3) + -1 + 20?
23
What is (29 + 57 - 59) + 33?
60
Calculate 31 + (-21 - (-20 + 44)) + 15.
1
(-112 - -80) + (-25 - 15)
-72
130 + (-47 - -66 - 96)
53
What is the value of -107 + 19 + (23 - -6) + -13?
-72
Calculate -40 + 2 - (-2976 + 2901).
37
Evaluate 879 - 919 - ((0 - (-4 + 1)) + -3).
-40
Evaluate 17 - (-74 + 55 + 49).
-13
Evaluate 2 + -77 + (9 + 2 - (-192 + 195)).
-67
What is the value of 149 + -39 - 108 - (3 + -1 + 1 - 6)?
5
What is 0 - 69 - (-341 + 217)?
55
(1 - -75 - (-9 + 23)) + -17
45
Calculate (5 - 10) + 3 + -10 + (40 + 6 - 7).
27
Calculate 14 + (9 + (-29 - -17) - -2) - -1.
14
Evaluate (9 - -2) + -22 + -8 - 81.
-100
What is (77 - 44) + -5 + (-25 - -8)?
11
(-6 - -25) + (-39 - (27 + -115))
68
Evaluate (4 - 3) + -16 + (3 - 12) + -14.
-38
Calculate -46 - (20 - 24) - -4.
-38
What is the value of -10 + (-29 - -47) + -9 + (-4 - -7)?
2
Evaluate 81 + -43 + (-52 - 7) - -103.
82
8 + (11 - (-115 - (-15 - (11 + -8))))
116
What is the value of 114 - -1 - (-136 - -91 - -80)?
80
Calculate (-757 - -747) + -1 + (1 - 1) + 36.
25
What is the value of 96 + (-87 - -63) + -90?
-18
What is 3 + 0 + 2 + -127 + (-54 - (-84 - -19))?
-111
Calculate -30 + -2 - (286 + -316).
-2
Calculate (5 - (9 + -4 + -3)) + 11.
14
Evaluate -26 - -5 - (-58 + (-3 - -17)).
23
What is the value of -146 - (15 + -2 - -2 - (84 + 39 + -98))?
-136
Evaluate -734 + 676 + (86 - -2).
30
What is 4947 + -4948 + (3 - 42)?
-40
Evaluate (-35 - -26 - (3 - 1)) + -25.
-36
Calculate -108 + (28 - 118) + 283.
85
2 - (22 + -8) - (-19 - 4) - 59
-48
Evaluate 67 + (-138 - -61) - -7.
-3
(-5 - 52) + (42 + -47 - -17)
-45
What is 812 + -652 + -4 + 4 + -28?
132
What is -29 + -1 + (-3256 - -3278)?
-8
What is the value of (68 + 24 - (9 - 6 - -5) - -3) + -10?
77
16 - (62 - -1 - 18)
-29
What is the value of 78 + 20 + (-6 - 35) + 8?
65
Evaluate (2 + 5 - 8) + (97 - 111).
-15
-3 + -3 - (19 + -83 + 23)
35
What is (-9 - -28) + 39 + 0 + 0 + -5?
53
13 + 124 + (-13 - (-7 + -8)) + 5
144
Evaluate 10 + (5 - (-1 + 7) - 10 - 8).
-9
Evaluate (-11 - (3 - 19)) + (8 - 8) + 24 + -4.
25
What is the value of -34 + -131 + 278 + -197?
-84
Calculate 16 + 0 - (3487 - 3450).
-21
Calculate 192 + -219 - ((7 - 9) + (-1 - -2) + 11).
-37
Calculate 1 + -30 + (4 + 12 - 13 - 25 - -13).
-38
(-113 - (12 - (26 - 3))) + -8 + 25 + -15
-100
Calculate -7 + -12 + 30 + 23.
34
Calculate -59 - 1 - (-495 - -443).
-8
-1 + 7 - (89 - (79 - 32))
-36
What is 2 + -18 + (-6 - -9) - (158 + -173)?
2
Calculate 9 - (12 + (-5 - 17) + -1 + 3 + 5).
12
-25 + (-79 - -28 - -40)
-36
Calculate -11 + 3 + 33 + 19 + -17 - 7.
20
What is the value of -1 + -1 + 205 + -92 + -122 - 143?
-154
Evaluate -1 - (14 + -67 + 82 - (1 + 17)).
-12
What is the value of 51 + (3 - (-9 - 3 - (-49 + 43))) + -3?
57
Calculate 3 + -119 + 99 + (-6 - 2 - -35).
10
-5 + 0 - (127 + -112) - -23
3
Calculate -84 + 0 - (21 + (-12 - 4 - 4 - 0)).
-85
What is the value of (5 - (5 + 